the prime factors of 98895482?
2, 7, 109, 229, 283
What are the prime factors of 295212169?
7, 42173167
List the prime factors of 44446036.
2, 11111509
List the prime factors of 807757163.
211, 991, 3863
What are the prime factors of 1955357703?
3, 13, 16712459
List the prime factors of 134358454.
2, 67179227
What are the prime factors of 684360198?
2, 3, 569, 22273
What are the prime factors of 67153204?
2, 241, 69661
What are the prime factors of 19793961?
3, 11, 23, 8693
List the prime factors of 7958481033.
3, 67, 199, 198967
List the prime factors of 44085188.
2, 7, 53, 61, 487
What are the prime factors of 124772538?
2, 3, 11, 171863
What are the prime factors of 1620717113?
29, 61, 916177
What are the prime factors of 819775392?
2, 3, 43, 198589
What are the prime factors of 79949393?
79949393
List the prime factors of 1448496662.
2, 17, 42602843
List the prime factors of 862618331.
163, 1423, 3719
What are the prime factors of 45375683?
67, 389, 1741
List the prime factors of 24570906.
2, 3, 53, 77267
What are the prime factors of 15311813?
11, 23, 60521
What are the prime factors of 25733812?
2, 13, 191, 2591
What are the prime factors of 137342414?
2, 11, 6242837
What are the prime factors of 427372241?
191, 2237551
List the prime factors of 676409854.
2, 131, 179, 14423
What are the prime factors of 8616527854?
2, 11, 19, 149, 12577
List the prime factors of 167040072.
2, 3, 2320001
List the prime factors of 430368267.
3, 7, 41, 191, 2617
What are the prime factors of 23240589?
3, 7746863
List the prime factors of 106050570.
2, 3, 5, 71, 49789
What are the prime factors of 1633234?
2, 313, 2609
What are the prime factors of 245491378?
2, 11, 11158699
What are the prime factors of 288542866?
2, 23, 29, 73, 2963
List the prime factors of 3255492191.
7, 465070313
What are the prime factors of 2900335132?
2, 37, 3803, 5153
What are the prime factors of 501261692?
2, 31, 4042433
List the prime factors of 590631.
3, 17, 37, 313
List the prime factors of 7023845346.
2, 3, 7, 37, 47, 96167
List the prime factors of 644644810.
2, 5, 3001, 21481
List the prime factors of 3515957458.
2, 13, 10402241
What are the prime factors of 642719312?
2, 5351, 7507
List the prime factors of 1728855705.
3, 5, 89, 257, 5039
List the prime factors of 6519456989.
59, 127, 14747
What are the prime factors of 514818276?
2, 3, 7, 17, 349, 1033
List the prime factors of 139973895.
3, 5, 3110531
List the prime factors of 6415802.
2, 3207901
List the prime factors of 1256524835.
5, 8663, 29009
What are the prime factors of 1004733800?
2, 5, 7, 717667
List the prime factors of 44233697.
373, 118589
What are the prime factors of 264819228?
2, 3, 22068269
List the prime factors of 110076134.
2, 7, 149, 52769
List the prime factors of 2587188723.
3, 7, 797, 154579
List the prime factors of 184545127.
13, 1091983
What are the prime factors of 498918155?
5, 503, 198377
What are the prime factors of 284346814?
2, 142173407
What are the prime factors of 552878529?
3, 7, 3853, 6833
What are the prime factors of 373986629?
83, 4505863
List the prime factors of 87474128.
2, 7, 67, 11657
What are the prime factors of 6593433?
3, 7, 11, 17, 23, 73
What are the prime factors of 132534623?
13, 10194971
List the prime factors of 2382364233.
3, 264707137
List the prime factors of 199782389.
79, 2528891
What are the prime factors of 13497805?
5, 2699561
List the prime factors of 56029082.
2, 71, 394571
List the prime factors of 141980751.
3, 11, 1434149
What are the prime factors of 17238343?
743, 23201
List the prime factors of 191623613.
73, 2624981
List the prime factors of 4694652.
2, 3, 17, 2557
List the prime factors of 50961514.
2, 23, 53, 20903
List the prime factors of 12421561.
673, 18457
What are the prime factors of 111831761?
1663, 67247
List the prime factors of 79175706.
2, 3, 23, 573737
What are the prime factors of 363573474?
2, 3, 11, 19, 383, 757
What are the prime factors of 459089593?
5531, 83003
List the prime factors of 274411351.
37, 97, 157, 487
What are the prime factors of 652503094?
2, 8527, 38261
What are the prime factors of 35782169?
35782169
What are the prime factors of 250654665?
3, 5, 2707, 6173
List the prime factors of 682154757.
3, 47, 281, 1913
What are the prime factors of 26053079?
13, 2004083
List the prime factors of 4549731.
3, 733, 2069
List the prime factors of 367158364.
2, 983, 93377
What are the prime factors of 250477500?
2, 3, 5, 7, 13, 367
What are the prime factors of 72485193?
3, 11, 137, 16033
List the prime factors of 751883559.
3, 7, 859, 41681
What are the prime factors of 720977371?
720977371
List the prime factors of 172656648.
2, 3, 19, 126211
What are the prime factors of 67114404?
2, 3, 7, 229, 1163
What are the prime factors of 127076787?
3, 1483, 9521
List the prime factors of 13431732.
2, 3, 863, 1297
What are the prime factors of 50873395?
5, 29, 350851
List the prime factors of 31475918.
2, 89, 97, 1823
What are the prime factors of 45886578?
2, 3, 7647763
List the prime factors of 114188532.
2, 3, 1429, 6659
What are the prime factors of 43088060?
2, 5, 223, 9661
List the prime factors of 58233047.
47, 1239001
List the prime factors of 231374357.
37, 41, 43, 3547
List the prime factors of 108675021.
3, 7, 13, 398077
List the prime factors of 2428446.
2, 3, 227, 1783
List the prime factors of 950280209.
653, 1455253
What are the prime factors of 1665501947?
1665501947
List the prime factors of 519670860.
2, 3, 5, 8661181
List the prime factors of 33755305.
5, 19, 18701
List the prime factors of 38495049.
3, 349, 36767
List the prime factors of 540513525.
3, 5, 7206847
List the prime factors of 125620414.
2, 62810207
What are the prime factors of 232731108?
2, 3, 6464753
What are the prime factors of 4517057215?
5, 11, 2837, 28949
What are the prime factors of 1998690226?
2, 13, 4261, 18041
List the prime factors of 9192401.
47, 131, 1493
What are the prime factors of 355892480?
2, 5, 278041
What are the prime factors of 80029754?
2, 7, 73, 78307
What are the prime factors of 794951743?
794951743
What are the prime factors of 132689689?
11, 1096609
What are the prime factors of 488663838?
2, 3, 13, 160639
What are the prime factors of 693297363?
3, 11, 2903, 7237
List the prime factors of 342730885.
5, 7, 31, 315881
List the prime factors of 8657115.
3, 5, 233, 2477
List the prime factors of 680281233.
3, 73, 3106307
List the prime factors of 96189672.
2, 3, 17, 281, 839
List the prime factors of 387627531.
3, 19, 53, 128311
What are the prime factors of 135310731?
3, 45103577
What are the prime factors of 38228197?
7, 101, 139, 389
What are the prime factors of 7105823?
787, 9029
List the prime factors of 563251035.
3, 5, 467, 80407
List the prime factors of 243699878.
2, 2383, 51133
What are the prime factors of 522588824?
2, 31, 389, 5417
What are the prime factors of 284189027?
1201, 236627
What are the prime factors of 125932104?
2, 3, 583019
What are the prime factors of 15848891?
15848891
List the prime factors of 16661129.
41, 251, 1619
What are the prime factors of 5679836?
2, 17, 101, 827
What are the prime factors of 3564187914?
2, 3, 7, 947, 89611
List the prime factors of 50819482.
2, 7, 491, 7393
List the prime factors of 393840428.
2, 17, 5791771
What are the prime factors of 370524348?
2, 3, 73, 46997
What are the prime factors of 142288947?
3, 613, 8597
List the prime factors of 166868674.
2, 7, 433, 27527
List the prime factors of 92567810.
2, 5, 19, 211, 2309
What are the prime factors of 2070070862?
2, 19, 54475549
What are the prime factors of 14429806?
2, 107, 67429
What are the prime factors of 630815578?
2, 315407789
List the prime factors of 75734486.
2, 29, 37, 35291
List the prime factors of 3085947194.
2, 11, 137, 1023871
List the prime factors of 7145770324.
2, 7, 11, 947, 24499
List the prime factors of 68488206.
2, 3, 17, 223, 3011
What are the prime factors of 2662732020?
2, 3, 5, 13, 3413759
What are the prime factors of 1223742061?
16943, 72227
List the prime factors of 3005398044.
2, 3, 11, 31, 137, 1787
What are the prime factors of 1395614883?
3, 13, 35784997
What are the prime factors of 4504428293?
2531, 1779703
What are the prime factors of 3233476900?
2, 5, 32334769
List 